**3 - 16*a**2 - 14*a - 5. Let m be i(-15). Let h be (2/4)/((-10)/m). What is the greatest common divisor of 17 and h?
1
Suppose -3*l + 3*x = 7*x - 12, 0 = -3*l + 3*x + 12. Suppose 3*m + l - 19 = 0. Let w be (-5)/(25/1) - (-211)/m. What is the greatest common divisor of w and 6?
6
Let w(z) = -11*z + 166 + 19*z - 30*z. Let m be w(6). What is the greatest common factor of m and 4?
2
Let w(d) = d**3 + 39*d**2 + 50*d + 1149. Let n be w(-38). Calculate the greatest common divisor of n and 1638.
63
Let y be 69 - (0 + (0 - 1)). Let m(g) = 29*g - 161. Suppose -132*x + 127*x = -35. Let p be m(x). What is the highest common factor of y and p?
14
Suppose 9*s = -4*i + 10*s + 63, -5*s + 45 = 4*i. Suppose 0 = i*a - 8221 + 2221. What is the highest common divisor of a and 50?
50
Let q be (-20)/(-12) - 6424/(-66). Let d be 536/24 + 1/(-3). What is the greatest common divisor of q and d?
11
Let r(l) = -3*l**2 + 79*l - 22. Let f be r(26). Suppose -4*t + 1260 = -4*g, f*g + 1264 = 4*t + g. Calculate the greatest common divisor of t and 22.
11
Suppose 4*x - 43518 = -4*d - 11654, 0 = 4*d + 4. Calculate the greatest common factor of x and 31.
31
Let l = 5067 - 5049. What is the greatest common divisor of l and 4761?
9
Let t be (-5)/50*-239 - (-12)/120. Suppose -m + 4 = 2. Calculate the highest common divisor of t and m.
2
Let q = -1642 + 1702. Calculate the highest common factor of q and 7065.
15
Let j be (3/(-15) - 3) + 3/15. Let f be -2 + j/(-2) - (-561)/22. Suppose -15 = -3*l, -w + f = 2*l - 25. What is the greatest common factor of w and 8?
8
Suppose 0 = b + 2*m - 1939, 3*m = -4*b + 11551 - 3760. What is the greatest common factor of 378 and b?
63
Let n(j) = -j**2 + 40*j - 372. Let u be n(20). What is the highest common divisor of 182 and u?
14
Let m = 15466 + -9221. Calculate the highest common divisor of m and 10.
5
Let u = -2 + 4. Suppose -u*a - q = -130, -4 = q - 2. Let v(l) = -8504*l - 629274. Let x be v(-74). Calculate the highest common factor of a and x.
22
Let o be (-6)/9*-888 + 8/2. Suppose 0 = -4*i - 5*f + 1974 - o, 4*f - 8 = 0. What is the highest common factor of 38 and i?
38
Let h(x) = 14*x - 97. Let j be h(8). Let t be (((-576)/(-40))/(-9))/((-1)/j). Calculate the greatest common factor of 120 and t.
24
Let r = 68555 - 45716. Calculate the highest common factor of r and 69.
69
Suppose 3*i - o - 2974 = -2*i, 4*i - 2388 = 3*o. Let y = -65 - -76. What is the highest common divisor of y and i?
11
Let n(l) = -l**2 - 4*l + 48. Let d be n(-9). Let j be 92 + (5 + d - 0). Calculate the highest common factor of 25 and j.
25
Let i(d) = 25*d + 204. Let z be i(-8). Suppose 4*r - 24 = 5*c, 44*r - 49*r + 30 = z*c. Let j be (-2)/4*3*-4. What is the highest common factor of j and r?
6
Let l be 7/((-35)/10) + 208. Suppose -14 = 2*u - l. What is the highest common factor of 64 and u?
32
Suppose -3*a + v - 2 = -0*v, -4*a = -2*v + 6. Let b = 59 - 44. Let g be (36/b)/4 + (-147)/(-105). What is the highest common divisor of a and g?
1
Let n(u) = 2*u**2 + 9*u + 1. Let a be n(-6). Let s(o) = -o**3 - 12*o**2 - 11*o + 19. Let i be s(-11). Calculate the greatest common divisor of i and a.
19
Let t(j) = 3*j - 13. Let b be t(3). Let d(o) = -o**3 - 3*o**2 - 8*o + 15. Let r be d(b). What is the highest common factor of 42 and r?
21
Let h = 5133 + -4577. Calculate the greatest common factor of h and 695.
139
Let b = 10634 + -9217. Calculate the greatest common divisor of b and 218.
109
Suppose -70 = 4*x + 42. Let s = -16 - x. Suppose 16*w - 1260 = 9*w. Calculate the highest common factor of w and s.
12
Suppose 5*i - 3*k - 18 = 0, -198*k = i - 194*k - 22. What is the greatest common divisor of i and 2166?
6
Let y be 42/420*500*7/10. Let j be (-1 - 4)/((-3)/273). What is the greatest common divisor of y and j?
35
Suppose 44*j - 58*j + 28 = 0. Suppose j*p + 3*p = c + 151, 0 = 5*p + 5*c - 145. What is the greatest common factor of p and 110?
10
Let s(d) = -215*d + 8566. Let g be s(-93). Calculate the greatest common factor of 169 and g.
169
Let m(i) = -9*i - 166. Let v be m(-27). Suppose -31 = 5*w - 3*f - v, -14 = -w - f. What is the highest common factor of 341 and w?
11
Suppose -4*c - 4*l + 136 = 0, -6*l - 43 = -c - 65. Suppose 0 = 2*m - 36 - 42. What is the highest common factor of m and c?
13
Suppose 0 = 4*m - 52 - 48. Suppose -4*c + 5 = -15. Suppose c*j = -4*l + 75, l - 90 = -2*l + 3*j. What is the greatest common divisor of l and m?
25
Suppose -97*t + 729069 + 417277 = 0. Calculate the greatest common divisor of 38 and t.
38
Let p = 13116 - 5411. What is the greatest common factor of p and 115?
115
Suppose -2*l + 4 = u, -12*u - 3*l = -8*u - 16. Let x be 174/u + (-11)/22. What is the greatest common factor of x and 129?
43
Suppose 5*l = -110893 + 111068. Calculate the highest common factor of 1085 and l.
35
Let s = 4385 - 4357. Calculate the greatest common factor of 518 and s.
14
Suppose -902*j = -1068*j + 63744. Calculate the greatest common divisor of j and 1704.
24
Let u = -5550 + 5573. Calculate the greatest common factor of 13823 and u.
23
Let y be 112/(3 + -3 + (-3)/(-3)). Let i be (-9)/(-4)*12*y/36. What is the greatest common divisor of i and 24?
12
Let h = -100 - -119. Calculate the greatest common factor of h and 12806.
19
Let p(h) = h**3 - 60*h**2 - 118*h - 482. Let d be p(62). Suppose -3*k - 142 - 104 = 0. Let s = k - d. Calculate the highest common divisor of s and 7.
7
Let p be (-28)/(-3 + 2 - 3/(-4)). Calculate the highest common factor of p and 32.
16
Let w(b) = -9*b**2 + 1659*b + 6. Let s be w(8). What is the greatest common factor of s and 58?
58
Let h be 9 + -33 + -1 - -4614. Calculate the greatest common factor of h and 13.
13
Suppose 12*k = -82 - 38. Let u be ((-8)/k)/(-2) + 202/5. What is the highest common factor of u and 5?
5
Let w be (-30)/(-18)*3*1. Let r be 61 + (60/(-3))/w. Calculate the highest common factor of r and 627.
57
Suppose 4*h = -0*h - 16. Let w(i) = 25*i - 27. Let x(u) = 31*u - 28. Let r(a) = -6*w(a) + 5*x(a). Let z be r(h). What is the highest common divisor of z and 16?
2
Suppose -31*a + 9638 = 2012. What is the greatest common divisor of a and 82?
82
Let i be 6/10*(-57)/(1482/(-1820)). Calculate the greatest common divisor of 876 and i.
6
Suppose 268*z + 4*y - 450 = 263*z, y = 3*z - 287. Calculate the highest common divisor of z and 3478.
94
Let r be (-5 - -1) + 5 + 39. Let c = -170 + 166. Let g be (14/c)/((-4)/r). Calculate the highest common divisor of g and 7.
7
Let n(q) = q**3 - 9*q**2 - 7*q - 27. Let f be n(10). Suppose j + 133 = f*u, -17 = -u - 5*j + 22. Calculate the highest common factor of 4 and u.
4
Let q = 3611 + -3481. Calculate the highest common factor of 1066 and q.
26
Let n be (-1542 - -1560)/(2/27). Let v be 7/((-21)/(-324)) + 0. Calculate the greatest common divisor of v and n.
27
Let q be (9*-2)/(11*(-8)/(-44)). Let u be (-216)/(-4)*(-15)/q. What is the highest common divisor of u and 120?
30
Let y = -5560 + 5662. Calculate the greatest common divisor of y and 816.
102
Let n(w) = 4*w**2 + 5*w - 2. Let a(o) = 2*o**2 + o - 1. Let z(t) = 6*a(t) - 2*n(t). Let m be z(-1). What is the greatest common divisor of 54 and m?
6
Suppose 15*t - 11*t = 16. Suppose -t*g + 34 = 2. Suppose 18*h = 5*h + 13. What is the highest common factor of g and h?
1
Let x be (-18)/30 + (-126)/(-30)*8. Calculate the greatest common factor of 891 and x.
33
Let f be (37 + 5)*(-5)/(-10). Suppose 76*h = 66*h + 350. What is the greatest common divisor of f and h?
7
Suppose -37*c - 32*c + 3072 = -5*c. What is the highest common divisor of c and 1896?
24
Let h(s) = 290*s**2 + 16*s + 50. Let q be h(-2). What is the greatest common factor of q and 266?
38
Suppose -j = 4*q - 7, -j + 9 = -3*q - 5. Suppose -6*f + 5 = j. Let n be 28/(-84)*42/f. Calculate the greatest common divisor of n and 21.
7
Let n(g) = g**3 + 18*g**2 + 30*g + 103. Suppose -2*m - 5*c - 7 = 10, 0 = c - 3. Let t be n(m). What is the greatest common factor of 5 and t?
5
Suppose -5*d - 12611 = -2*f, -5*f + 31574 = 13*d - 10*d. What is the highest common divisor of f and 59?
59
Let b(h) = h**2 + 20*h - 14. Let o be b(8). Let u = -178 + o. Calculate the highest common factor of u and 52.
4
Let k = -522 + 590. Let a(i) = i**3 - 6*i**2 + 3. Let n be a(6). Suppose 5*p - 81 = 2*q - 4*q, -p = n*q